{"id":8,"date":"2015-08-19T04:23:47","date_gmt":"2015-08-19T04:23:47","guid":{"rendered":"http:\/\/mytest.printer-doc.de\/?page_id=2"},"modified":"2022-07-21T13:10:16","modified_gmt":"2022-07-21T13:10:16","slug":"sample-page-2","status":"publish","type":"page","link":"https:\/\/www.bolzenbacher-hof.de\/","title":{"rendered":"Herzlich willkommen im Bolzenbacher Hof <br \/> <br \/> Welcome to the Bolzenbacher Hof"},"content":{"rendered":"<h1 class=\"ce_headline first\"><\/h1>\n<p style=\"text-align: center;\"><strong>\u00a0<\/strong><\/p>\n<p style=\"text-align: center;\">\n<p style=\"text-align: center;\">Getreu unserem Motto \u201eAnkommen, Entspannen, Genie\u00dfen\u201c versucht unser Team Ihnen einen angenehmen Aufenthalt in unserem Haus zu bescheren. Da wir der Meinung sind \u201eNiemand ist perfekt\u201c stehen wir Ihnen jederzeit f\u00fcr Anregungen, Fragen und Verbesserungsvorschl\u00e4ge zur Verf\u00fcgung<\/p>\n<p style=\"text-align: center;\">\n<p style=\"text-align: center;\">H\u00f6chste Priorit\u00e4t hat bei uns die Frische.<\/p>\n<p style=\"text-align: center;\">F\u00fcr uns ist es selbstverst\u00e4ndlich, unsere Gerichte frisch und mit den besten Zutaten f\u00fcr Sie zuzubereiten.<\/p>\n<p style=\"text-align: center;\">\n<p style=\"text-align: center;\">Gerne richten wir auch Ihre pers\u00f6nliche Feier bei uns im Hause aus.<\/p>\n<p style=\"text-align: center;\">Sprechen Sie uns f\u00fcr Ihre individuellen Vorstellung gerne an.<\/p>\n<p>&nbsp;<\/p>\n<div class=\"ce_text last block\">\n<table>\n<tbody>\n<tr>\n<td><\/td>\n<\/tr>\n<\/tbody>\n<\/table>\n<\/div>\n<h1 class=\"ce_headline first\"><\/h1>\n<p style=\"text-align: center;\"><strong> <\/strong><\/p>\n<p style=\"text-align: center;\">\n<p style=\"text-align: center;\">True to our motto &#8222;arrive, relax, enjoy&#8220;, our team tries to give you a pleasant stay in our house. Since we are of the opinion that &#8222;no one is perfect&#8220;, we are always available for suggestions and questions for improvement<\/p>\n<p style=\"text-align: center;\">\n<p style=\"text-align: center;\">Freshness is our top priority.<\/p>\n<p style=\"text-align: center;\">It is natural for us, that our dishes are freshly prepared for you using the best ingredients.<\/p>\n<p style=\"text-align: center;\">\n<p style=\"text-align: center;\">We would also be happy to organize your personal celebration in our house.<\/p>\n<p style=\"text-align: center;\">Please contact us for your individual idea.<\/p>\n<p>&nbsp;<\/p>\n<div class=\"ce_text last block\">\n<table>\n<tbody>\n<tr>\n<td><\/td>\n<\/tr>\n<\/tbody>\n<\/table>\n<\/div>\n","protected":false},"excerpt":{"rendered":"<p>\u00a0 Getreu unserem Motto \u201eAnkommen, Entspannen, Genie\u00dfen\u201c versucht unser Team Ihnen einen angenehmen Aufenthalt in unserem Haus zu bescheren. Da wir der Meinung sind \u201eNiemand ist perfekt\u201c stehen wir Ihnen&#8230; <\/p>\n","protected":false},"author":2,"featured_media":0,"parent":0,"menu_order":0,"comment_status":"closed","ping_status":"closed","template":"","meta":{"footnotes":""},"class_list":["post-8","page","type-page","status-publish","hentry"],"_links":{"self":[{"href":"https:\/\/www.bolzenbacher-hof.de\/index.php?rest_route=\/wp\/v2\/pages\/8","targetHints":{"allow":["GET"]}}],"collection":[{"href":"https:\/\/www.bolzenbacher-hof.de\/index.php?rest_route=\/wp\/v2\/pages"}],"about":[{"href":"https:\/\/www.bolzenbacher-hof.de\/index.php?rest_route=\/wp\/v2\/types\/page"}],"author":[{"embeddable":true,"href":"https:\/\/www.bolzenbacher-hof.de\/index.php?rest_route=\/wp\/v2\/users\/2"}],"replies":[{"embeddable":true,"href":"https:\/\/www.bolzenbacher-hof.de\/index.php?rest_route=%2Fwp%2Fv2%2Fcomments&post=8"}],"version-history":[{"count":4,"href":"https:\/\/www.bolzenbacher-hof.de\/index.php?rest_route=\/wp\/v2\/pages\/8\/revisions"}],"predecessor-version":[{"id":632,"href":"https:\/\/www.bolzenbacher-hof.de\/index.php?rest_route=\/wp\/v2\/pages\/8\/revisions\/632"}],"wp:attachment":[{"href":"https:\/\/www.bolzenbacher-hof.de\/index.php?rest_route=%2Fwp%2Fv2%2Fmedia&parent=8"}],"curies":[{"name":"wp","href":"https:\/\/api.w.org\/{rel}","templated":true}]}}