{"id":240,"date":"2016-01-04T09:16:12","date_gmt":"2016-01-04T09:16:12","guid":{"rendered":"http:\/\/www.bolzenbacher-hof.de\/?page_id=240"},"modified":"2022-07-21T14:17:38","modified_gmt":"2022-07-21T14:17:38","slug":"kegelbahn","status":"publish","type":"page","link":"https:\/\/www.bolzenbacher-hof.de\/?page_id=240","title":{"rendered":"Kegelbahn <br \/> skittle alley"},"content":{"rendered":"<div style=\"text-align: center;\">\n<p>Und warum kein Bowling? Die Vorteile liegen f\u00fcr Kegel-Fans auf der Hand: Man ist unter sich und nicht in einem riesigen Center, kann seine eigene Musik h\u00f6ren und die Preisen sind sehr viel g\u00fcnstiger als beim Bowling . Au\u00dferdem ist es anspruchsvoller. \u201eBowling ist M\u00fchle, Kegeln ist Schach\u201c, wie der Kegler zu sagen pflegt.<\/p>\n<p>Au\u00dferdem: Kegeln ist Kult.<\/p>\n<\/div>\n<p style=\"text-align: center;\">Wir f\u00fcr Sie haben 2 ebenerdig erreichbare moderne Kegelbahnen.<\/p>\n<p style=\"text-align: center;\">Kommen Sie vorbei und \u00fcberzeugen Sie sich selbst.<\/p>\n<p style=\"text-align: center;\">\n<p>&#8211;<\/p>\n<div style=\"text-align: center;\">\n<p>why no bowling? the advantages are obvious for skittle fans: You are among yourself and not in a huge center, you can listen to your own music and the prices are much cheaper than bowling . In addition, it is more demanding. \u201eBowling is mill, skittles is chess\u201c, as the fans likes to say.<\/p>\n<p>Also: skittleing is a cult<\/p>\n<\/div>\n<p style=\"text-align: center;\">We have 2 modern alleys that can be reached at ground level.<\/p>\n<p style=\"text-align: center;\">Come and see for yourself.<\/p>\n<p style=\"text-align: center;\">\n","protected":false},"excerpt":{"rendered":"<p>Und warum kein Bowling? Die Vorteile liegen f\u00fcr Kegel-Fans auf der Hand: Man ist unter sich und nicht in einem riesigen Center, kann seine eigene Musik h\u00f6ren und die Preisen&#8230; <\/p>\n","protected":false},"author":1,"featured_media":0,"parent":0,"menu_order":3,"comment_status":"closed","ping_status":"closed","template":"","meta":{"footnotes":""},"class_list":["post-240","page","type-page","status-publish","hentry"],"_links":{"self":[{"href":"https:\/\/www.bolzenbacher-hof.de\/index.php?rest_route=\/wp\/v2\/pages\/240","targetHints":{"allow":["GET"]}}],"collection":[{"href":"https:\/\/www.bolzenbacher-hof.de\/index.php?rest_route=\/wp\/v2\/pages"}],"about":[{"href":"https:\/\/www.bolzenbacher-hof.de\/index.php?rest_route=\/wp\/v2\/types\/page"}],"author":[{"embeddable":true,"href":"https:\/\/www.bolzenbacher-hof.de\/index.php?rest_route=\/wp\/v2\/users\/1"}],"replies":[{"embeddable":true,"href":"https:\/\/www.bolzenbacher-hof.de\/index.php?rest_route=%2Fwp%2Fv2%2Fcomments&post=240"}],"version-history":[{"count":9,"href":"https:\/\/www.bolzenbacher-hof.de\/index.php?rest_route=\/wp\/v2\/pages\/240\/revisions"}],"predecessor-version":[{"id":664,"href":"https:\/\/www.bolzenbacher-hof.de\/index.php?rest_route=\/wp\/v2\/pages\/240\/revisions\/664"}],"wp:attachment":[{"href":"https:\/\/www.bolzenbacher-hof.de\/index.php?rest_route=%2Fwp%2Fv2%2Fmedia&parent=240"}],"curies":[{"name":"wp","href":"https:\/\/api.w.org\/{rel}","templated":true}]}}